
28
What is the greatest common factor of 4410 and 2597?
49
Calculate the highest common divisor of 178 and 44767.
89
Calculate the highest common divisor of 8 and 354140.
4
Calculate the highest common divisor of 40567 and 4308.
359
Calculate the highest common factor of 24 and 393468.
12
Calculate the highest common divisor of 300 and 37700.
100
Calculate the greatest common divisor of 237 and 243.
3
Calculate the highest common factor of 24455 and 2920.
365
Calculate the highest common factor of 248700 and 350.
50
Calculate the highest common divisor of 220 and 87670.
110
What is the highest common factor of 451 and 93698?
11
Calculate the greatest common factor of 1575810 and 90.
90
What is the highest common divisor of 128 and 3464?
8
Calculate the greatest common factor of 452 and 68.
4
What is the highest common factor of 6757 and 9553?
233
Calculate the greatest common factor of 220 and 373010.
110
Calculate the highest common divisor of 4311 and 496.
1
What is the highest common divisor of 444 and 1406?
74
What is the greatest common factor of 258 and 71638?
86
Calculate the greatest common divisor of 52740 and 48.
12
What is the highest common divisor of 221 and 24463?
17
Calculate the greatest common factor of 9525 and 1975.
25
Calculate the greatest common divisor of 240885 and 60.
15
Calculate the greatest common factor of 35210 and 42.
14
Calculate the greatest common factor of 1914 and 528.
66
What is the highest common factor of 246 and 3198246?
246
Calculate the greatest common divisor of 206 and 58.
2
Calculate the highest common factor of 1124 and 190237.
281
Calculate the greatest common divisor of 415 and 2711610.
415
What is the greatest common factor of 584 and 977324?
292
What is the highest common factor of 55 and 40216?
11
What is the greatest common factor of 420 and 47080?
20
Calculate the highest common factor of 5535 and 7052.
41
Calculate the greatest common factor of 7 and 12943.
7
Calculate the highest common divisor of 63 and 100476.
9
What is the greatest common divisor of 2 and 10367?
1
What is the greatest common factor of 498 and 3531318?
498
Calculate the highest common factor of 81 and 198396.
27
Calculate the greatest common divisor of 21 and 9.
3
What is the greatest common factor of 2397 and 164356?
17
What is the greatest common divisor of 6321413 and 259?
259
Calculate the greatest common factor of 72 and 41589.
9
Calculate the highest common factor of 108 and 99090.
54
Calculate the greatest common divisor of 17350 and 125.
25
What is the greatest common divisor of 807687 and 102?
51
What is the highest common divisor of 116695 and 45?
5
Calculate the highest common divisor of 4914 and 725166.
702
What is the highest common divisor of 9069 and 37?
1
Calculate the greatest common factor of 235 and 5584305.
235
Calculate the greatest common divisor of 20866 and 3.
1
Calculate the highest common divisor of 1080 and 17616.
24
What is the highest common divisor of 33 and 126709?
11
What is the highest common divisor of 7 and 641144?
7
What is the greatest common divisor of 186147 and 45?
9
What is the highest common divisor of 9890 and 3910?
230
What is the highest common factor of 132 and 13431?
33
Calculate the greatest common factor of 425 and 120020.
85
Calculate the highest common divisor of 336583 and 663.
221
What is the highest common factor of 121828 and 140?
28
What is the highest common divisor of 667 and 783?
29
What is the highest common divisor of 2594700 and 200?
100
What is the highest common divisor of 16419 and 26?
13
What is the highest common factor of 1778 and 146558?
254
What is the highest common divisor of 45 and 218415?
15
Calculate the highest common divisor of 7222 and 529.
23
Calculate the greatest common factor of 152 and 146312.
8
What is the highest common divisor of 7271307 and 27?
9
Calculate the greatest common factor of 1647230 and 260.
130
What is the highest common factor of 249215 and 155?
5
What is the highest common factor of 1168 and 3744?
16
What is the greatest common factor of 649 and 4779?
59
What is the highest common factor of 80559 and 36?
9
What is the greatest common factor of 20115 and 225?
45
Calculate the greatest common divisor of 139214 and 705.
47
Calculate the highest common factor of 196 and 169589.
49
What is the greatest common factor of 1312 and 5986?
82
What is the highest common factor of 9864 and 324?
36
Calculate the greatest common factor of 159309 and 5022.
279
What is the greatest common factor of 26954 and 2?
2
What is the highest common factor of 1084923 and 119?
119
What is the highest common divisor of 1185445 and 15?
5
What is the greatest common factor of 15833 and 142?
71
Calculate the highest common divisor of 24 and 420996.
12
What is the highest common factor of 1721267 and 2774?
1387
What is the highest common factor of 340 and 525436?
68
What is the greatest common divisor of 495 and 33905?
5
What is the greatest common factor of 2600 and 1820?
260
Calculate the highest common divisor of 1105 and 3057535.
1105
What is the highest common divisor of 532060 and 1628?
148
What is the greatest common divisor of 1206 and 31088?
134
Calculate the greatest common divisor of 72 and 475096.
8
What is the greatest common divisor of 1523690 and 70?
70
Calculate the highest common divisor of 915 and 8845305.
915
What is the highest common divisor of 610 and 25?
5
Calculate the highest common factor of 22830 and 42.
6
What is the highest common factor of 531 and 7552?
59
Calculate the highest common factor of 13557 and 9.
3
What is the highest common divisor of 9678 and 1446?
6
Calculate the highest common factor of 111782 and 22.
22
What is the highest common divisor of 24624 and 1752?
24
What is the greatest common factor of 219414 and 156?
78
What is the greatest common factor of 498 and 7478466?
498
Calculate the highest common divisor of 27048 and 1334.
46
What is the greatest common divisor of 795 and 126935?
265
Calculate the highest common factor of 135 and 83970.
135
What is the greatest common divisor of 48544 and 861?
41
What is the highest common factor of 2 and 119494?
2
What is the greatest common divisor of 39627 and 288099?
1071
What is the greatest common divisor of 330 and 226589?
11
What is the highest common factor of 3283 and 22491?
49
Calculate the greatest common divisor of 99 and 97009.
11
Calculate the greatest common factor of 213296 and 16.
16
Calculate the highest common divisor of 704 and 40436.
44
Calculate the greatest common divisor of 39 and 2725931.
13
Calculate the greatest common factor of 22 and 169774.
22
What is the greatest common factor of 25932 and 64?
4
Calculate the highest common factor of 15836 and 20.
4
Calculate the greatest common divisor of 61863 and 9.
3
Calculate the highest common divisor of 627 and 49577.
11
Calculate the greatest common divisor of 618 and 1038.
6
Calculate the greatest common divisor of 2475 and 3900.
75
Calculate the highest common factor of 603638 and 42.
14
What is the greatest common factor of 27261 and 9126?
117
Calculate the highest common factor of 160 and 2602720.
160
What is the greatest common factor of 436254 and 60724?
1598
Calculate the greatest common divisor of 129624 and 616.
88
What is the greatest common divisor of 10768 and 30285?
673
Calculate the greatest common factor of 136526 and 1703.
13
What is the greatest common divisor of 35451 and 15?
3
What is the highest common factor of 712 and 2961208?
712
Calculate the greatest common divisor of 210 and 2702.
14
What is the highest common factor of 11230 and 2330?
10
Calculate the highest common factor of 159695 and 10.
5
What is the greatest common factor of 84039 and 8481?
771
What is the greatest common divisor of 1694 and 2662?
242
Calculate the highest common divisor of 2045 and 95.
5
What is the greatest common divisor of 502 and 52961?
251
What is the highest common divisor of 244 and 6092924?
244
What is the highest common divisor of 4661 and 3397?
79
What is the greatest common factor of 1485 and 44415?
135
What is the greatest common divisor of 530759 and 103?
103
What is the greatest common factor of 3715 and 45?
5
Calculate the greatest common divisor of 2457 and 27405.
189
Calculate